 32 and 144137312.
32
What is the greatest common divisor of 60048 and 1080?
216
Calculate the highest common factor of 159 and 3527097.
159
What is the greatest common factor of 42044 and 33028?
92
Calculate the greatest common divisor of 10250 and 800950.
50
What is the greatest common factor of 2530 and 5514190?
110
What is the greatest common divisor of 563278 and 3706?
34
Calculate the greatest common factor of 8982462 and 177110.
398
What is the highest common factor of 26599 and 2213672?
397
What is the greatest common divisor of 1282643 and 1192716?
4733
What is the highest common divisor of 2565 and 3762570?
285
Calculate the greatest common factor of 1905 and 243732050.
635
Calculate the highest common factor of 4866723 and 162.
81
What is the greatest common divisor of 10 and 1213670?
10
What is the highest common divisor of 1068 and 11474414?
178
What is the greatest common divisor of 590 and 7963525?
295
Calculate the greatest common divisor of 7836894 and 1994436.
5634
What is the greatest common factor of 3803608 and 16?
8
Calculate the greatest common factor of 2505792 and 276768.
2976
Calculate the highest common factor of 28197 and 111727359.
2169
Calculate the greatest common divisor of 156 and 19281444.
156
Calculate the greatest common factor of 1308 and 140946.
6
What is the highest common divisor of 902 and 10294?
2
Calculate the greatest common factor of 30334 and 3323142.
1046
Calculate the greatest common factor of 980033 and 102.
17
Calculate the highest common factor of 10212 and 176659941.
2553
Calculate the highest common divisor of 21275640 and 108.
36
Calculate the greatest common divisor of 58201 and 10131451.
4477
Calculate the greatest common divisor of 216 and 4584708.
108
Calculate the greatest common divisor of 196 and 3789660.
196
What is the highest common divisor of 300 and 25565580?
60
Calculate the greatest common divisor of 17 and 13838425.
17
Calculate the greatest common divisor of 12896 and 43936.
32
Calculate the greatest common factor of 3725055 and 1256445.
5535
What is the highest common factor of 180 and 205056?
36
Calculate the highest common divisor of 74832663 and 9.
3
Calculate the highest common divisor of 10654944 and 384.
96
Calculate the highest common factor of 41382360 and 80.
40
Calculate the greatest common factor of 260734774 and 29732.
14866
Calculate the highest common factor of 132741743 and 6568.
821
Calculate the greatest common divisor of 9464 and 83253625.
1183
Calculate the greatest common factor of 138 and 79511046.
138
What is the greatest common factor of 585 and 137002515?
195
Calculate the greatest common divisor of 702953 and 196891.
401
Calculate the highest common divisor of 4726260 and 54285.
1155
What is the greatest common divisor of 101745 and 1298631?
57
Calculate the highest common divisor of 341 and 137272619.
341
Calculate the greatest common divisor of 18138354 and 155142.
1326
Calculate the highest common factor of 48791 and 52768.
97
What is the greatest common divisor of 6010 and 1617892?
1202
Calculate the greatest common factor of 48949032 and 66.
66
What is the highest common factor of 26115562 and 2442?
814
What is the highest common divisor of 434 and 25898047?
7
Calculate the greatest common divisor of 242394768 and 132.
132
Calculate the greatest common divisor of 10640 and 1583080.
760
What is the highest common divisor of 5264 and 1108366?
14
Calculate the highest common divisor of 891936 and 212040.
1368
What is the highest common divisor of 17309069 and 332?
83
What is the greatest common divisor of 688779 and 25116?
273
What is the greatest common divisor of 14025 and 18463071?
561
What is the highest common factor of 35297195 and 215?
215
Calculate the highest common divisor of 46711 and 58842514.
6673
What is the highest common divisor of 950 and 61089550?
50
Calculate the highest common factor of 8 and 971416.
8
Calculate the greatest common divisor of 431930 and 522640.
470
What is the highest common factor of 5247 and 392571?
477
What is the highest common factor of 201393 and 90261?
27
What is the greatest common divisor of 955124520 and 504?
168
Calculate the highest common divisor of 229662 and 270.
54
What is the highest common factor of 715 and 98543380?
65
Calculate the greatest common factor of 7 and 1010863.
7
What is the greatest common divisor of 310581 and 40554?
27
Calculate the highest common factor of 699 and 34252631.
233
What is the highest common divisor of 486007 and 156293?
2141
Calculate the highest common factor of 13573202 and 538.
538
What is the highest common factor of 176 and 46049960?
88
What is the highest common factor of 278 and 4259655?
139
What is the highest common divisor of 5320 and 524742760?
760
Calculate the greatest common divisor of 23 and 85712789.
23
What is the greatest common divisor of 27764 and 2440394?
22
What is the greatest common divisor of 7 and 128185771?
7
What is the highest common factor of 12675 and 2351700?
975
What is the greatest common factor of 2660294 and 1833?
611
What is the highest common divisor of 43403323 and 80201?
7291
What is the greatest common factor of 7 and 82907279?
7
What is the highest common divisor of 25995876 and 16144?
4036
What is the greatest common divisor of 107110465 and 385?
385
Calculate the greatest common divisor of 83117790 and 945.
315
Calculate the greatest common divisor of 366748 and 14895.
331
Calculate the highest common divisor of 42 and 7532518.
14
Calculate the highest common factor of 3753932 and 1547.
91
Calculate the greatest common factor of 29751269 and 4286.
2143
What is the highest common divisor of 239485 and 3174595?
1135
What is the highest common factor of 160413481 and 409?
409
Calculate the greatest common factor of 1027672308 and 1338.
1338
What is the greatest common divisor of 164 and 2921660?
164
Calculate the highest common factor of 39790360 and 1395.
155
Calculate the greatest common factor of 13 and 509952573.
13
What is the greatest common factor of 54 and 21295440?
54
Calculate the highest common factor of 149694 and 605364.
366
What is the greatest common divisor of 120 and 100015140?
60
Calculate the greatest common divisor of 2208 and 32672208.
48
Calculate the greatest common divisor of 300 and 33844164.
12
Calculate the greatest common divisor of 73 and 65279447.
73
Calculate the greatest common factor of 417063074 and 68.
34
What is the highest common factor of 96141200 and 400?
400
What is the highest common factor of 125931005 and 2690?
1345
Calculate the greatest common divisor of 67527608 and 6456.
2152
Calculate the highest common divisor of 3417432821 and 3377.
3377
What is the greatest common factor of 5592 and 154000884?
2796
Calculate the greatest common divisor of 7192 and 1498952.
232
Calculate the greatest common factor of 3983464 and 23944.
584
Calculate the highest common factor of 376 and 25960121.
47
Calculate the highest common divisor of 35879650 and 200.
50
What is the greatest common divisor of 2886 and 5420454?
78
What is the greatest common divisor of 30 and 9714405?
15
What is the highest common divisor of 1133 and 191477?
1133
Calculate the highest common factor of 12038988 and 273.
39
What is the highest common divisor of 4290 and 91046670?
4290
What is the highest common divisor of 1044 and 4359802?
58
What is the highest common divisor of 228983 and 16?
1
What is the greatest common divisor of 211797 and 1092921?
303
Calculate the highest common divisor of 2238720 and 5120.
1280
Calculate the greatest common factor of 542720 and 149036.
212
Calculate the greatest common factor of 47672694 and 270.
18
Calculate the greatest common factor of 1076188 and 16020.
356
What is the highest common divisor of 162301074 and 1326?
1326
What is the greatest common divisor of 3021 and 64965333?
159
Calculate the greatest common factor of 14954575 and 7975.
725
What is the highest common divisor of 511752 and 192?
24
Calculate the greatest common factor of 6 and 9948002.
2
Calculate the greatest common factor of 90 and 68338305.
45
What is the highest common factor of 639 and 8490180?
213
Calculate the highest common divisor of 114073155 and 70.
35
What is the greatest common divisor of 1120